s of 179472.
2, 3, 3739
What are the prime factors of 12575590?
2, 5, 1257559
List the prime factors of 6728015.
5, 7, 192229
List the prime factors of 404078.
2, 281, 719
List the prime factors of 344180.
2, 5, 17209
List the prime factors of 3170267.
3170267
List the prime factors of 114091.
271, 421
What are the prime factors of 6118103?
521, 11743
List the prime factors of 205852.
2, 53, 971
What are the prime factors of 14976153?
3, 1664017
What are the prime factors of 386640?
2, 3, 5, 179
What are the prime factors of 4487880?
2, 3, 5, 149, 251
What are the prime factors of 1731802?
2, 547, 1583
What are the prime factors of 1961042?
2, 59, 16619
What are the prime factors of 4296667?
4296667
List the prime factors of 596797.
43, 13879
List the prime factors of 126359.
126359
List the prime factors of 991049.
17, 97, 601
What are the prime factors of 157414?
2, 78707
What are the prime factors of 3590914?
2, 113, 15889
List the prime factors of 777840.
2, 3, 5, 7, 463
List the prime factors of 1815248.
2, 113453
List the prime factors of 182300.
2, 5, 1823
What are the prime factors of 10290562?
2, 571, 9011
List the prime factors of 885408.
2, 3, 23, 401
List the prime factors of 3763262.
2, 1881631
What are the prime factors of 15574186?
2, 19, 233, 1759
List the prime factors of 1202440.
2, 5, 23, 1307
List the prime factors of 1240313.
61, 20333
List the prime factors of 219512.
2, 23, 1193
What are the prime factors of 3927204?
2, 3, 17, 23, 31
What are the prime factors of 895587?
3, 7, 11, 3877
What are the prime factors of 69013?
7, 9859
List the prime factors of 5100088.
2, 7, 61, 1493
What are the prime factors of 10282486?
2, 107, 48049
What are the prime factors of 297222?
2, 3, 49537
What are the prime factors of 481204?
2, 59, 2039
List the prime factors of 114388.
2, 28597
List the prime factors of 6826471.
6826471
What are the prime factors of 4926564?
2, 3, 136849
What are the prime factors of 923590?
2, 5, 19, 4861
What are the prime factors of 11045488?
2, 137, 5039
What are the prime factors of 49297?
49297
List the prime factors of 19813559.
19813559
List the prime factors of 567283.
19, 73, 409
What are the prime factors of 30132572?
2, 827, 9109
List the prime factors of 1352246.
2, 7, 96589
List the prime factors of 152960.
2, 5, 239
What are the prime factors of 3996550?
2, 5, 67, 1193
What are the prime factors of 366107?
7, 52301
List the prime factors of 76691.
53, 1447
What are the prime factors of 99333?
3, 13, 283
List the prime factors of 80738.
2, 7, 73, 79
List the prime factors of 282046.
2, 141023
List the prime factors of 1037598.
2, 3, 172933
List the prime factors of 8487217.
8487217
List the prime factors of 33349001.
7, 4764143
List the prime factors of 2317.
7, 331
List the prime factors of 34844.
2, 31, 281
What are the prime factors of 4509689?
1933, 2333
List the prime factors of 480947.
17, 19, 1489
What are the prime factors of 2340746?
2, 1170373
What are the prime factors of 100623?
3, 17, 1973
What are the prime factors of 142950?
2, 3, 5, 953
What are the prime factors of 503593?
503593
List the prime factors of 162737.
109, 1493
What are the prime factors of 13011?
3, 4337
What are the prime factors of 1316329?
7, 47, 4001
What are the prime factors of 4093001?
11, 607, 613
List the prime factors of 14111165.
5, 2822233
List the prime factors of 132378.
2, 3, 22063
What are the prime factors of 1046658?
2, 3, 174443
List the prime factors of 1640605.
5, 328121
What are the prime factors of 904653?
3, 100517
List the prime factors of 2944798.
2, 1472399
What are the prime factors of 196387?
196387
List the prime factors of 725915.
5, 47, 3089
List the prime factors of 2741332.
2, 11, 62303
List the prime factors of 1749634.
2, 19, 41, 1123
What are the prime factors of 13509606?
2, 3, 11, 107, 1913
List the prime factors of 12939947.
43, 300929
What are the prime factors of 2445754?
2, 43, 28439
What are the prime factors of 1323135?
3, 5, 11
List the prime factors of 8481709.
8481709
List the prime factors of 196689.
3, 65563
What are the prime factors of 244357?
244357
List the prime factors of 15802048.
2, 246907
What are the prime factors of 177734?
2, 88867
List the prime factors of 2910073.
2910073
What are the prime factors of 2019446?
2, 11, 13, 23, 307
List the prime factors of 31573.
31573
What are the prime factors of 36552?
2, 3, 1523
What are the prime factors of 238518?
2, 3, 7, 631
List the prime factors of 7401198.
2, 3, 7, 313, 563
What are the prime factors of 5052810?
2, 3, 5, 7, 24061
What are the prime factors of 695430?
2, 3, 5, 7727
List the prime factors of 2661494.
2, 11, 120977
What are the prime factors of 9950553?
3, 368539
List the prime factors of 17988261.
3, 17, 352711
List the prime factors of 491116.
2, 59, 2081
List the prime factors of 38100865.
5, 11, 692743
List the prime factors of 19416284.
2, 571, 8501
What are the prime factors of 114928?
2, 11, 653
What are the prime factors of 204870?
2, 3, 5, 6829
List the prime factors of 3730798.
2, 1865399
What are the prime factors of 746638?
2, 577, 647
What are the prime factors of 689888?
2, 21559
What are the prime factors of 937139?
7, 133877
List the prime factors of 1138056.
2, 3, 47419
What are the prime factors of 263127?
3, 139, 631
What are the prime factors of 41058?
2, 3, 2281
What are the prime factors of 3014165?
5, 7, 11, 7829
List the prime factors of 4477004.
2, 7, 127, 1259
List the prime factors of 170302.
2, 11, 7741
List the prime factors of 946703.
23, 41161
List the prime factors of 4994.
2, 11, 227
List the prime factors of 3893632.
2, 19, 1601
What are the prime factors of 2016825?
3, 5, 26891
What are the prime factors of 410874?
2, 3, 31, 47
What are the prime factors of 2809479?
3, 936493
List the prime factors of 928670.
2, 5, 92867
List the prime factors of 10881683.
17, 640099
List the prime factors of 589685.
5, 117937
List the prime factors of 9639.
3, 7, 17
What are the prime factors of 256174?
2, 23, 5569
What are the prime factors of 5048314?
2, 2524157
List the prime factors of 19476398.
2, 9738199
What are the prime factors of 397606?
2, 11, 31, 53
List the prime factors of 1832477.
1832477
What are the prime factors of 549231?
3, 29, 59, 107
List the prime factors of 16562062.
2, 11, 752821
List the prime factors of 577122.
2, 3, 7, 13, 151
What are the prime factors of 1468498?
2, 257, 2857
List the prime factors of 14678.
2, 41, 179
What are the prime factors of 11505582?
2, 3, 11, 58109
What are the prime factors of 362046?
2, 3, 83, 727
List the prime factors of 3513290.
2, 5, 11, 19, 41
What are the prime factors of 373871?
461, 811
What are the prime factors of 19627?
19, 1033
List the prime factors of 3082418.
2, 1541209
What are the prime factors of 26292990?
2, 3, 5, 876433
What are the prime factors of 203540?
2, 5, 10177
What are the prime factors of 324112?
2, 47, 431
What are the prime factors of 1166403?
3, 7, 67, 829
List the prime factors of 2196097.
83, 26459
List the prime factors of 15241.
15241
What are the prime factors of 101161?
101161
List the prime factors of 6655807.
347, 19181
List the prime factors of 5729253.
3, 47, 179, 227
What are the prime factors of 13519555?
5, 7, 59, 6547
What are the prime factors of 23605543?
13, 19, 95569
List the prime factors of 18290.
2, 5, 31, 59
What are the prime factors of 452147?
379, 1193
What are the prime factors of 298549?
43, 53, 131
What are the prime factors of 79934?
2, 17, 2351
List the prime factors of 133216.
2, 23, 181
List the prime factors of 4505725.
5, 7, 25747
List the prime factors of 104269.
11, 9479
What are the prime factors of 467049?
3, 11, 14153
What are the prime factors of 3414251?
541, 6311
What are the prime factors of 7159637?
19, 376823
List the prime factors of 3408449.
11, 17, 1657
What are the prime factors of 620744?
2, 31, 2503
What are the prime factors of 30595131?
3, 7, 161879
What are the prime factors of 9507597?
3, 11, 288109
What are the prime factors of 187441?
187441
What are the prime factors of 743752?
2, 31, 2999
What are the prime factors of 556929?
3, 20627
What are the prime factors of 203586?
2, 3, 33931
What are the prime factors of 132573?
3, 7, 